 is the remainder when 2616 is divided by 559?
380
What is the remainder when 845800 is divided by 26431?
8
Calculate the remainder when 15990 is divided by 420.
30
What is the remainder when 824312 is divided by 219?
215
Calculate the remainder when 23844 is divided by 314.
294
Calculate the remainder when 1848695 is divided by 20.
15
What is the remainder when 18872 is divided by 393?
8
Calculate the remainder when 41481 is divided by 50.
31
What is the remainder when 136030 is divided by 4122?
4
Calculate the remainder when 375451 is divided by 93861.
7
Calculate the remainder when 46511 is divided by 20.
11
What is the remainder when 24442 is divided by 763?
26
What is the remainder when 539 is divided by 222?
95
What is the remainder when 7223 is divided by 56?
55
Calculate the remainder when 25326 is divided by 38.
18
Calculate the remainder when 1832 is divided by 97.
86
Calculate the remainder when 8340 is divided by 48.
36
Calculate the remainder when 5479 is divided by 74.
3
What is the remainder when 7379 is divided by 97?
7
What is the remainder when 688 is divided by 661?
27
What is the remainder when 36258 is divided by 18128?
2
Calculate the remainder when 35872 is divided by 326.
12
What is the remainder when 26975 is divided by 2696?
15
What is the remainder when 2597217 is divided by 523?
522
Calculate the remainder when 910 is divided by 287.
49
Calculate the remainder when 29383 is divided by 865.
838
What is the remainder when 16259 is divided by 39?
35
What is the remainder when 949399 is divided by 122?
117
What is the remainder when 841 is divided by 102?
25
What is the remainder when 6636 is divided by 3318?
0
Calculate the remainder when 145981 is divided by 226.
211
Calculate the remainder when 107966 is divided by 397.
379
What is the remainder when 32610 is divided by 32573?
37
Calculate the remainder when 574 is divided by 541.
33
What is the remainder when 270 is divided by 44?
6
Calculate the remainder when 26416 is divided by 74.
72
What is the remainder when 1714 is divided by 1594?
120
Calculate the remainder when 8386 is divided by 87.
34
What is the remainder when 11802 is divided by 1?
0
Calculate the remainder when 2055 is divided by 1543.
512
Calculate the remainder when 9933 is divided by 2986.
975
Calculate the remainder when 456979 is divided by 4.
3
What is the remainder when 1906902 is divided by 1905?
1902
Calculate the remainder when 307995 is divided by 858.
831
Calculate the remainder when 78529 is divided by 26107.
208
Calculate the remainder when 1085479 is divided by 729.
727
Calculate the remainder when 33157 is divided by 78.
7
What is the remainder when 4322 is divided by 66?
32
Calculate the remainder when 21356 is divided by 118.
116
What is the remainder when 3165 is divided by 1576?
13
What is the remainder when 1101488 is divided by 47?
43
Calculate the remainder when 140173 is divided by 119.
110
Calculate the remainder when 704 is divided by 21.
11
What is the remainder when 10256 is divided by 108?
104
Calculate the remainder when 22514 is divided by 2814.
2
Calculate the remainder when 1164921 is divided by 25.
21
Calculate the remainder when 43071 is divided by 414.
15
What is the remainder when 29458 is divided by 61?
56
What is the remainder when 25061 is divided by 816?
581
What is the remainder when 9907 is divided by 254?
1
What is the remainder when 33432 is divided by 3116?
2272
What is the remainder when 56338 is divided by 53?
52
Calculate the remainder when 120845 is divided by 746.
739
Calculate the remainder when 2591 is divided by 22.
17
What is the remainder when 3523007 is divided by 472?
471
Calculate the remainder when 627583 is divided by 97.
90
What is the remainder when 111287 is divided by 22255?
12
What is the remainder when 7344 is divided by 7326?
18
Calculate the remainder when 747387 is divided by 493.
492
What is the remainder when 31937 is divided by 104?
9
Calculate the remainder when 13962 is divided by 668.
602
What is the remainder when 1917844 is divided by 186?
184
What is the remainder when 1707 is divided by 558?
33
What is the remainder when 5231 is divided by 1643?
302
What is the remainder when 10733 is divided by 22?
19
What is the remainder when 245914 is divided by 685?
684
What is the remainder when 921606 is divided by 4825?
31
What is the remainder when 28898 is divided by 8956?
2030
What is the remainder when 20058 is divided by 154?
38
Calculate the remainder when 81090 is divided by 46.
38
Calculate the remainder when 151355 is divided by 50451.
2
Calculate the remainder when 3575 is divided by 107.
44
What is the remainder when 4865 is divided by 215?
135
Calculate the remainder when 2481 is divided by 522.
393
What is the remainder when 4774 is divided by 795?
4
Calculate the remainder when 3138 is divided by 49.
2
Calculate the remainder when 27975 is divided by 424.
415
Calculate the remainder when 16307 is divided by 131.
63
Calculate the remainder when 23987 is divided by 122.
75
Calculate the remainder when 10090 is divided by 18.
10
Calculate the remainder when 2477 is divided by 138.
131
Calculate the remainder when 461 is divided by 386.
75
What is the remainder when 1128 is divided by 669?
459
What is the remainder when 794136 is divided by 1196?
1188
What is the remainder when 33760 is divided by 11227?
79
Calculate the remainder when 3562074 is divided by 96.
90
What is the remainder when 2932 is divided by 425?
382
Calculate the remainder when 4850 is divided by 131.
3
Calculate the remainder when 38731 is divided by 18.
13
What is the remainder when 16781 is divided by 30?
11
What is the remainder when 1168 is divided by 84?
76
What is the remainder when 12975 is divided by 93?
48
Calculate the remainder when 14557 is divided by 579.
82
What is the remainder when 632 is divided by 610?
22
What is the remainder when 31733 is divided by 6343?
18
Calculate the remainder when 346234 is divided by 279.
274
Calculate the remainder when 2403 is divided by 597.
15
Calculate the remainder when 310079 is divided by 44.
11
Calculate the remainder when 27664 is divided by 99.
43
Calculate the remainder when 45623 is divided by 32.
23
What is the remainder when 20144 is divided by 20133?
11
What is the remainder when 104671 is divided by 91?
21
Calculate the remainder when 15723 is divided by 1199.
136
What is the remainder when 15011 is divided by 3749?
15
Calculate the remainder when 7749 is divided by 515.
24
Calculate the remainder when 13586 is divided by 4526.
8
Calculate the remainder when 2456 is divided by 2390.
66
Calculate the remainder when 13863 is divided by 1370.
163
Calculate the remainder when 935 is divided by 434.
67
Calculate the remainder when 4445 is divided by 244.
53
Calculate the remainder when 19349 is divided by 3221.
23
What is the remainder when 14184 is divided by 365?
314
Calculate the remainder when 60476 is divided by 18.
14
What is the remainder when 5726 is divided by 5717?
9
What is the remainder when 208620 is divided by 26076?
12
Calculate the remainder when 1911 is divided by 132.
63
What is the remainder when 1371 is divided by 1291?
80
Calculate the remainder when 16822 is divided by 16743.
79
Calculate the remainder when 12349198 is divided by 753.
751
Calculate the remainder when 1483 is divided by 1466.
17
Calculate the remainder when 34226 is divided by 192.
50
Calculate the remainder when 8017 is divided by 69.
13
What is the remainder when 17846 is divided by 461?
328
What is the remainder when 2752 is divided by 2748?
4
Calculate the remainder when 128160 is divided by 166.
8
Calculate the remainder when 2140 is divided by 298.
54
Calculate the remainder when 559 is divided by 141.
136
Calculate the remainder when 23876 is divided by 146.
78
Calculate the remainder when 3388871 is divided by 1348.
1347
Calculate the remainder when 2367 is divided by 198.
189
What is the remainder when 1282158 is divided by 341?
339
Calculate the remainder when 3049 is divided by 17.
6
Calculate the remainder when 502 is divided by 381.
121
What is the remainder when 342 is divided by 5?
2
What is the remainder when 6130 is divided by 299?
150
What is the remainder when 1628 is divided by 449?
28